{"id":559,"date":"2012-11-11T18:20:31","date_gmt":"2012-11-11T18:20:31","guid":{"rendered":"http:\/\/www.prolocomarano.it\/v2\/?page_id=559"},"modified":"2012-11-18T10:14:16","modified_gmt":"2012-11-18T10:14:16","slug":"appunti-di-storia-del-paesaggio-della-valle-di-marano","status":"publish","type":"page","link":"https:\/\/www.maranovalpolicella.it\/proloco\/?page_id=559","title":{"rendered":"Appunti di storia del paesaggio di Marano"},"content":{"rendered":"<h3 style=\"text-align: justify;\"><a href=\"http:\/\/www.maranovalpolicella.it\/proloco\/immagini\/2012\/11\/srocco.jpg\" data-lbwps-width=\"640\" data-lbwps-height=\"445\" data-lbwps-srcsmall=\"https:\/\/www.maranovalpolicella.it\/proloco\/immagini\/2012\/11\/srocco.jpg\"><img loading=\"lazy\" decoding=\"async\" class=\" wp-image-755 alignleft\" title=\"s. rocco\" src=\"http:\/\/www.maranovalpolicella.it\/proloco\/immagini\/2012\/11\/srocco.jpg\" alt=\"\" width=\"269\" height=\"187\" srcset=\"https:\/\/www.maranovalpolicella.it\/proloco\/immagini\/2012\/11\/srocco.jpg 640w, https:\/\/www.maranovalpolicella.it\/proloco\/immagini\/2012\/11\/srocco-300x208.jpg 300w\" sizes=\"auto, (max-width: 269px) 100vw, 269px\" \/><\/a>Anche se spesso non ci facciamo caso, a Marano viviamo ogni giorno a fianco della storia: \u00e8 difficile non girare lo sguardo intorno a noi e non trovare una casa, una villa, una chiesa vecchie di parecchi secoli. Ma la storia non \u00e8 fatta solo di chiese e ville, di monumenti insomma, \u00e8 fatta anche di gente che si \u00e8 costruita la propria casetta, che ha coltivato i campi che ha lasciato dispersi qua e l\u00e0 i pi\u00f9 diversi segni della propria presenza: strade e viottoli, muri a secco e capitelli, boschi e pinete, alberi d\u2019alto fusto e siepi. Possiamo tranquillamente dire che in Valpolicella non c\u2019\u00e8 nemmeno un angolino che non sia stato modificato, modellato, dall\u2019intervento dell\u2019uomo.<\/h3>\n<h3 style=\"text-align: justify;\">Infatti la Valpolicella \u00e8 sempre stata pi\u00f9 o meno intensamente abitata, tanto che gli insediamenti pi\u00f9 recenti hanno spesso distrutto le tracce dei loro predecessori. Inoltre, mentre per le chiese principali, per alcune ville, si sono conservati documenti scritti o riferimenti certi, dato che le loro vicende sono legate a personaggi importanti o comunque in grado di scrivere e di conservare contratti e altro\u00a0nell&#8217;archivio\u00a0di famiglia o del convento, per la gente comune esistono pochi documenti, di solito testamenti, contratti agrari, atti di compravendita, comunque poveri di informazioni sui cambiamenti operati dall\u2019uomo nell\u2019ambiente.<\/h3>\n<h3 style=\"text-align: justify;\">Tuttavia, mettendo insieme le scoperte pi\u00f9 recenti, anche in zone vicine a noi, \u00e8 possibile ricostruire un quadro dell\u2019evoluzione del paesaggio, evoluzione che pu\u00f2 essere meglio decritta se operiamo secondo una metodologia suggerita qualche tempo fa da Eugenio Turri, il famoso geografo veronese da poco scomparso. Turri dice che per leggere il paesaggio occorre sfogliarlo, cio\u00e8 togliere man mano gli strati superficiali pi\u00f9 recenti e interpretare poi il quadro che rimane.<\/h3>\n<h3 style=\"text-align: justify;\">Se guardiamo la nostra valle e vogliamo seguire i consigli di Turri, per ripercorrere la storia del paesaggio, dobbiamo cominciare a togliere le aggiunte pi\u00f9 recenti, cio\u00e8 i nuovi edifici, sia quelli delle moderne lottizzazioni o delle aree artigianali, sia quelli sorti a fianco o ad\u00a0ampliamento\u00a0delle costruzioni pi\u00f9 antiche. Se torniamo indietro anche solo a 50 anni fa, il panorama della valle cambia soprattutto nella zona pi\u00f9 bassa (e probabilmente in modo meno vistoso che altrove in alcuni comuni vicini) dove, gi\u00e0 da 1000 anni gli abitati erano costituiti da una collana di contrade lungo i fianchi della valle e in mezzo qualche casa isolata.<\/h3>\n<h3 style=\"text-align: justify;\">Risalendo la valle, vediamo scomparire il centro di Marano capoluogo, come dimostra la bella cartolina, pubblicata sul libro di Marano, con la vecchia chiesa parrocchiale, immersa nel verde: l\u2019asilo, la vecchia scuola comunale, le altre case che circondano la piazza anno meno di un secolo di vita. Pezza e anche Mondrago non sono cambiate molto\u00a0nell&#8217;ultimo\u00a0secolo: qualche nuova casa lungo la strada provinciale a Pezza, qualche rustico pi\u00f9 o meno antico a Mondrago. A Purano e San Rocco le singole corti erano pi\u00f9 staccate fra loro, dato che le nuove abitazioni hanno occupato, come a Valgatara, gli spazi intermedi.<\/h3>\n<h3 style=\"text-align: justify;\">Al di l\u00e0 delle variazioni urbanistiche, quello che \u00e8 radicalmente cambiato \u00e8 il ritmo di vita, la densit\u00e0 abitativa, la vivacit\u00e0 delle presenze: oggi intere contrade sono semi deserte, non ci<a href=\"http:\/\/www.maranovalpolicella.it\/proloco\/immagini\/2012\/11\/DSC_1385.jpg\" data-lbwps-width=\"640\" data-lbwps-height=\"424\" data-lbwps-srcsmall=\"https:\/\/www.maranovalpolicella.it\/proloco\/immagini\/2012\/11\/DSC_1385.jpg\"><img loading=\"lazy\" decoding=\"async\" class=\" wp-image-757 alignright\" title=\"Pezza\" src=\"http:\/\/www.maranovalpolicella.it\/proloco\/immagini\/2012\/11\/DSC_1385.jpg\" alt=\"\" width=\"269\" height=\"178\" srcset=\"https:\/\/www.maranovalpolicella.it\/proloco\/immagini\/2012\/11\/DSC_1385.jpg 640w, https:\/\/www.maranovalpolicella.it\/proloco\/immagini\/2012\/11\/DSC_1385-300x198.jpg 300w\" sizes=\"auto, (max-width: 269px) 100vw, 269px\" \/><\/a> sono bambini, n\u00e9 animali da cortili, nessuno occupa pi\u00f9 le semplici panchine di pietra sistemate apposta appena fuori dal portone per conversare con i passanti, per far fil\u00f2 d\u2019estate.<\/h3>\n<h3 style=\"text-align: justify;\">Con i paesi cambiano anche le strade: l\u2019attuale strada provinciale \u00e8 da diversi secoli la via pi\u00f9 importante della vallata, ma, fino al dopoguerra, cio\u00e8 fino alla motorizzazione di massa, erano molto praticate parecchie strade e stradine secondarie, oggi poco note o dimenticate: a Valgatara ad esempio la strada della Luchina, fra Badin e Villa, del Pontarol fra Cadiloi e Figari, del Monte Gradela fra Pozzo e Paladon; nei dintorni di Marano, quella di Pra\u00e8le che collegava direttamente Prognol e Canzago, quella di Moropio da Porta a Novaia, la Torta. Pi\u00f9 in alto la viabilit\u00e0 era molto diversa, aveva cio\u00e8 una struttura a ragnatela: c\u2019era sempre una stradina, un viottolo, una mulattiera che collegava una qualsiasi contrada a tutte quelle intorno.<\/h3>\n","protected":false},"excerpt":{"rendered":"<p>Anche se spesso non ci facciamo caso, a Marano viviamo ogni giorno a fianco della storia: \u00e8 difficile non girare lo sguardo intorno a noi e non trovare una casa, una villa, una chiesa vecchie di parecchi secoli. Ma la storia non \u00e8 fatta solo di chiese e ville, di monumenti insomma, \u00e8 fatta anche &hellip; <\/p>\n<p><a class=\"more-link btn\" href=\"https:\/\/www.maranovalpolicella.it\/proloco\/?page_id=559\">Continua a leggere<\/a><\/p>\n","protected":false},"author":4,"featured_media":0,"parent":178,"menu_order":0,"comment_status":"open","ping_status":"closed","template":"","meta":{"footnotes":""},"class_list":["post-559","page","type-page","status-publish","hentry","nodate","item-wrap"],"_links":{"self":[{"href":"https:\/\/www.maranovalpolicella.it\/proloco\/index.php?rest_route=\/wp\/v2\/pages\/559","targetHints":{"allow":["GET"]}}],"collection":[{"href":"https:\/\/www.maranovalpolicella.it\/proloco\/index.php?rest_route=\/wp\/v2\/pages"}],"about":[{"href":"https:\/\/www.maranovalpolicella.it\/proloco\/index.php?rest_route=\/wp\/v2\/types\/page"}],"author":[{"embeddable":true,"href":"https:\/\/www.maranovalpolicella.it\/proloco\/index.php?rest_route=\/wp\/v2\/users\/4"}],"replies":[{"embeddable":true,"href":"https:\/\/www.maranovalpolicella.it\/proloco\/index.php?rest_route=%2Fwp%2Fv2%2Fcomments&post=559"}],"version-history":[{"count":7,"href":"https:\/\/www.maranovalpolicella.it\/proloco\/index.php?rest_route=\/wp\/v2\/pages\/559\/revisions"}],"predecessor-version":[{"id":820,"href":"https:\/\/www.maranovalpolicella.it\/proloco\/index.php?rest_route=\/wp\/v2\/pages\/559\/revisions\/820"}],"up":[{"embeddable":true,"href":"https:\/\/www.maranovalpolicella.it\/proloco\/index.php?rest_route=\/wp\/v2\/pages\/178"}],"wp:attachment":[{"href":"https:\/\/www.maranovalpolicella.it\/proloco\/index.php?rest_route=%2Fwp%2Fv2%2Fmedia&parent=559"}],"curies":[{"name":"wp","href":"https:\/\/api.w.org\/{rel}","templated":true}]}}