{"id":6273,"date":"2016-04-27T11:10:35","date_gmt":"2016-04-27T11:10:35","guid":{"rendered":"http:\/\/www.prolocomarano.it\/v2\/?page_id=6273"},"modified":"2016-04-27T11:10:35","modified_gmt":"2016-04-27T11:10:35","slug":"disclaimer","status":"publish","type":"page","link":"https:\/\/www.maranovalpolicella.it\/proloco\/?page_id=6273","title":{"rendered":"Disclaimer"},"content":{"rendered":"<h1 class=\"post-title entry-title\">Disclaimer<\/h1>\n<div class=\"post-meta clearfix\"><\/div>\n<div class=\"entry-content clearfix\">\n<div>\n<p>Questo blog non rappresenta una testata giornalistica in quanto viene aggiornato senza nessuna periodicit\u00e0.<br \/>\nNon pu\u00f2 pertanto considerarsi un prodotto editoriale ai sensi della legge n. 62 del 7.03.2001.<br \/>\nGli autori, inoltre, non hanno alcuna responsabilit\u00e0 per quanto riguarda i siti ai quali \u00e8 possibile accedere tramite i collegamenti posti all\u2019interno del sito stesso, forniti come semplice servizio agli utenti della rete.<br \/>\nIl fatto che il blog fornisca questi collegamenti non implica l\u2019approvazione dei siti stessi, sulla cui qualit\u00e0, contenuti e grafica \u00e8 declinata ogni responsabilit\u00e0.<br \/>\nGli autori\u00a0dichiarano di non essere responsabili per i commenti inseriti nei post. Eventuali commenti dei lettori lesivi dell\u2019immagine o della onorabilit\u00e0 di persone terze non sono da attribuirsi\u00a0agli autori nemmeno se il commento viene espresso in forma anonima o criptata. I commenti offensivi, su richiesta della parte lesa, saranno rimossi.<br \/>\nInfine, chiunque possa vantare diritti d\u2019autore su immagini, testi o filmati contenuti in questo blog, pu\u00f2 segnalarlo utilizzando la pagina\u00a0<strong>contatti<\/strong>, per vedere ripristinato il proprio primato.<\/p>\n<\/div>\n<\/div>\n","protected":false},"excerpt":{"rendered":"<p>Disclaimer Questo blog non rappresenta una testata giornalistica in quanto viene aggiornato senza nessuna periodicit\u00e0. Non pu\u00f2 pertanto considerarsi un prodotto editoriale ai sensi della legge n. 62 del 7.03.2001. Gli autori, inoltre, non hanno alcuna responsabilit\u00e0 per quanto riguarda i siti ai quali \u00e8 possibile accedere tramite i collegamenti posti all\u2019interno del sito stesso, &hellip; <\/p>\n<p><a class=\"more-link btn\" href=\"https:\/\/www.maranovalpolicella.it\/proloco\/?page_id=6273\">Continua a leggere<\/a><\/p>\n","protected":false},"author":4,"featured_media":0,"parent":2,"menu_order":90,"comment_status":"closed","ping_status":"closed","template":"","meta":{"footnotes":""},"class_list":["post-6273","page","type-page","status-publish","hentry","nodate","item-wrap"],"_links":{"self":[{"href":"https:\/\/www.maranovalpolicella.it\/proloco\/index.php?rest_route=\/wp\/v2\/pages\/6273","targetHints":{"allow":["GET"]}}],"collection":[{"href":"https:\/\/www.maranovalpolicella.it\/proloco\/index.php?rest_route=\/wp\/v2\/pages"}],"about":[{"href":"https:\/\/www.maranovalpolicella.it\/proloco\/index.php?rest_route=\/wp\/v2\/types\/page"}],"author":[{"embeddable":true,"href":"https:\/\/www.maranovalpolicella.it\/proloco\/index.php?rest_route=\/wp\/v2\/users\/4"}],"replies":[{"embeddable":true,"href":"https:\/\/www.maranovalpolicella.it\/proloco\/index.php?rest_route=%2Fwp%2Fv2%2Fcomments&post=6273"}],"version-history":[{"count":1,"href":"https:\/\/www.maranovalpolicella.it\/proloco\/index.php?rest_route=\/wp\/v2\/pages\/6273\/revisions"}],"predecessor-version":[{"id":6274,"href":"https:\/\/www.maranovalpolicella.it\/proloco\/index.php?rest_route=\/wp\/v2\/pages\/6273\/revisions\/6274"}],"up":[{"embeddable":true,"href":"https:\/\/www.maranovalpolicella.it\/proloco\/index.php?rest_route=\/wp\/v2\/pages\/2"}],"wp:attachment":[{"href":"https:\/\/www.maranovalpolicella.it\/proloco\/index.php?rest_route=%2Fwp%2Fv2%2Fmedia&parent=6273"}],"curies":[{"name":"wp","href":"https:\/\/api.w.org\/{rel}","templated":true}]}}